{"id":100802,"date":"2017-03-22T22:44:08","date_gmt":"2017-03-22T22:44:08","guid":{"rendered":"http:\/\/keramika.holest.com\/slovenija\/product\/talne-ploscice-casalgrande-padana-lounge-grigio\/"},"modified":"2026-01-01T00:02:08","modified_gmt":"2026-01-01T00:02:08","slug":"talne-ploscice-casalgrande-padana-lounge-grigio","status":"publish","type":"product","link":"https:\/\/www.keramika.com\/slovenija\/talne-ploscice-casalgrande-padana-lounge-grigio\/","title":{"rendered":"Talne plo\u0161\u010dice Casalgrande Padana Lounge Grigio"},"content":{"rendered":"<p>Zaradi ni\u017ejih stro\u0161kov pri spletni prodaji boste na na\u0161i strani za to plo\u0161\u010dico od\u0161teli le 24,3 EUR. Casalgrande Padana Lounge Grigio je plo\u0161\u010dica proizvajalca Casalgrande Padana S.P.A. in prihaja iz Italije. Plo\u0161\u010dica na sliki je velika 33&#215;33 cm. Keramika v sivi barvi popestri vsak prostor. Debelina kar 8 mm dela to plo\u0161\u010dico zelo trpe\u017eno in presti\u017eno na otip.<\/p>\n<p>Kliknite na ime kolekcije za ogled vseh plo\u0161\u010dic iz te serije: <a class=\"pdfcatal\" href=\"\/\/www.ceramictiles.com\/pdf\/casalgrandepadana\/catalogue_casalgrande_padana_lounge.pdf\" onclick=\"recordOutboundLink(this, 'E-mail', 'Description PDF');return false;\">Casalgrande Padana S.P.A. Lounge<\/a><\/p>\n<p>\u010ce \u017eelite naro\u010diti model iz pdf kataloga te kolekcije, nam pi\u0161ite na: <a href=\"mailto:keramoteka.salon@gmail.com\" onclick=\"recordOutboundLink(this, 'E-mail', 'Description mail');return false;\">keramoteka.salon@gmail.com<\/a> ali pa nas pokli\u010dite na: 031 255 900.<\/p>\n<p>Technical description: <br \/> F 33&#215;33 ; 41&#215;41 <br \/>Marrone ; Rosa ; Beige ; Nero ; Grigio ; Bianco ;<\/p>\n","protected":false},"excerpt":{"rendered":"<p>Zaradi ni\u017ejih stro\u0161kov pri spletni prodaji boste na na\u0161i strani za to plo\u0161\u010dico od\u0161teli le 24,3 EUR. Casalgrande Padana Lounge Grigio je plo\u0161\u010dica proizvajalca Casalgrande Padana S.P.A. in prihaja iz Italije. Plo\u0161\u010dica na sliki je velika 33&#215;33 cm. Keramika v sivi barvi popestri vsak prostor. Debelina kar 8 mm dela to plo\u0161\u010dico zelo trpe\u017eno in [&hellip;]<\/p>\n","protected":false},"featured_media":100803,"template":"","meta":[],"product_cat":[999448,200,999,240],"product_tag":[],"_links":{"self":[{"href":"https:\/\/www.keramika.com\/slovenija\/wp-json\/wp\/v2\/product\/100802"}],"collection":[{"href":"https:\/\/www.keramika.com\/slovenija\/wp-json\/wp\/v2\/product"}],"about":[{"href":"https:\/\/www.keramika.com\/slovenija\/wp-json\/wp\/v2\/types\/product"}],"wp:featuredmedia":[{"embeddable":true,"href":"https:\/\/www.keramika.com\/slovenija\/wp-json\/wp\/v2\/media\/100803"}],"wp:attachment":[{"href":"https:\/\/www.keramika.com\/slovenija\/wp-json\/wp\/v2\/media?parent=100802"}],"wp:term":[{"taxonomy":"product_cat","embeddable":true,"href":"https:\/\/www.keramika.com\/slovenija\/wp-json\/wp\/v2\/product_cat?post=100802"},{"taxonomy":"product_tag","embeddable":true,"href":"https:\/\/www.keramika.com\/slovenija\/wp-json\/wp\/v2\/product_tag?post=100802"}],"curies":[{"name":"wp","href":"https:\/\/api.w.org\/{rel}","templated":true}]}}