{"id":100764,"date":"2017-03-22T22:43:25","date_gmt":"2017-03-22T22:43:25","guid":{"rendered":"http:\/\/keramika.holest.com\/slovenija\/product\/ploscice-za-kopalnico-casalgrande-padana-caleidoscopio-pistacchio\/"},"modified":"2026-01-01T00:02:03","modified_gmt":"2026-01-01T00:02:03","slug":"ploscice-za-kopalnico-casalgrande-padana-caleidoscopio-pistacchio","status":"publish","type":"product","link":"https:\/\/www.keramika.com\/slovenija\/ploscice-za-kopalnico-casalgrande-padana-caleidoscopio-pistacchio\/","title":{"rendered":"Plo\u0161\u010dice za kopalnico Casalgrande Padana Caleidoscopio Pistacchio"},"content":{"rendered":"<p>Ta kerami\u010dna plo\u0161\u010dica v \u010dudoviti zeleni barvi bo obogatila vsak prostor. 29,11 EUR v klasi\u010dni trgovini, pri nas pa le 23,29 EUR. Casalgrande Padana Caleidoscopio Pistacchio je plo\u0161\u010dica proizvajalca Casalgrande Padana S.P.A. in prihaja iz Italije. Z 20&#215;20 cm je ta plo\u0161\u010dica primerna za razli\u010dne podlage. Ta plo\u0161\u010dica je debela 7 mm in je zelo trpe\u017ena.<\/p>\n<p>Kliknite na ime kolekcije za ogled vseh plo\u0161\u010dic iz te serije: <a class=\"pdfcatal\" href=\"\/\/www.ceramictiles.com\/pdf\/casalgrandepadana\/catalogue_casalgrande_padana_caleidoscopio.pdf\" onclick=\"recordOutboundLink(this, 'E-mail', 'Description PDF');return false;\">Casalgrande Padana S.P.A. Caleidoscopio<\/a><\/p>\n<p>\u010ce \u017eelite naro\u010diti model iz pdf kataloga te kolekcije, nam pi\u0161ite na: <a href=\"mailto:keramoteka.salon@gmail.com\" onclick=\"recordOutboundLink(this, 'E-mail', 'Description mail');return false;\">keramoteka.salon@gmail.com<\/a> ali pa nas pokli\u010dite na: 031 255 900.<\/p>\n<p>Technical description: <br \/> W 10&#215;20 ; 20&#215;20 ; 33,3&#215;33,3 <br \/>Liquirizia ; Caff\u00e8 ; Oceano ; Cobalto ; Marina ; Anice ; Smeraldo ; Oliva ; Pistacchio ; Rosso Selenio ; Corallo ; Ocra ; Antracite ; Menta ; Granita ; Caramel ; Fragola ; Panna ; Ghiaccio ; Cielo ; Pack ; Betulla ; Avorio ; Cocco ;<\/p>\n","protected":false},"excerpt":{"rendered":"<p>Ta kerami\u010dna plo\u0161\u010dica v \u010dudoviti zeleni barvi bo obogatila vsak prostor. 29,11 EUR v klasi\u010dni trgovini, pri nas pa le 23,29 EUR. Casalgrande Padana Caleidoscopio Pistacchio je plo\u0161\u010dica proizvajalca Casalgrande Padana S.P.A. in prihaja iz Italije. Z 20&#215;20 cm je ta plo\u0161\u010dica primerna za razli\u010dne podlage. Ta plo\u0161\u010dica je debela 7 mm in je zelo [&hellip;]<\/p>\n","protected":false},"featured_media":100765,"template":"","meta":[],"product_cat":[999448,200,999,290],"product_tag":[],"_links":{"self":[{"href":"https:\/\/www.keramika.com\/slovenija\/wp-json\/wp\/v2\/product\/100764"}],"collection":[{"href":"https:\/\/www.keramika.com\/slovenija\/wp-json\/wp\/v2\/product"}],"about":[{"href":"https:\/\/www.keramika.com\/slovenija\/wp-json\/wp\/v2\/types\/product"}],"wp:featuredmedia":[{"embeddable":true,"href":"https:\/\/www.keramika.com\/slovenija\/wp-json\/wp\/v2\/media\/100765"}],"wp:attachment":[{"href":"https:\/\/www.keramika.com\/slovenija\/wp-json\/wp\/v2\/media?parent=100764"}],"wp:term":[{"taxonomy":"product_cat","embeddable":true,"href":"https:\/\/www.keramika.com\/slovenija\/wp-json\/wp\/v2\/product_cat?post=100764"},{"taxonomy":"product_tag","embeddable":true,"href":"https:\/\/www.keramika.com\/slovenija\/wp-json\/wp\/v2\/product_tag?post=100764"}],"curies":[{"name":"wp","href":"https:\/\/api.w.org\/{rel}","templated":true}]}}