{"id":100502,"date":"2017-03-22T22:39:01","date_gmt":"2017-03-22T22:39:01","guid":{"rendered":"http:\/\/keramika.holest.com\/slovenija\/product\/talne-in-stenske-ploscice-revigres-cotto-camel\/"},"modified":"2017-03-22T22:39:01","modified_gmt":"2017-03-22T22:39:01","slug":"talne-in-stenske-ploscice-revigres-cotto-camel","status":"publish","type":"product","link":"https:\/\/www.keramika.com\/slovenija\/talne-in-stenske-ploscice-revigres-cotto-camel\/","title":{"rendered":"Talne in stenske plo\u0161\u010dice Revigres Cotto Camel"},"content":{"rendered":"<p>Velikost te plo\u0161\u010dice je 30&#215;30 cm. 9 mm debeline je dovolj tudi za zahtevnej\u0161e kupce. Revigres Cotto Camel je plo\u0161\u010dica proizvajalca Revigres in prihaja iz Portugalske. Letos so plo\u0161\u010dice v be\u017e barvi zelo za\u017eeljene.<\/p>\n<p>Kliknite na ime kolekcije za ogled vseh plo\u0161\u010dic iz te serije: <a class=\"pdfcatal\" href=\"\/\/www.ceramictiles.com\/pdf\/revigres\/catalogue_revigres_cotto.pdf\" onclick=\"recordOutboundLink(this, 'E-mail', 'Description PDF');return false;\">Revigres Cotto<\/a><\/p>\n<p>\u010ce \u017eelite naro\u010diti model iz pdf kataloga te kolekcije, nam pi\u0161ite na: <a href=\"mailto:keramoteka.salon@gmail.com\" onclick=\"recordOutboundLink(this, 'E-mail', 'Description mail');return false;\">keramoteka.salon@gmail.com<\/a> ali pa nas pokli\u010dite na: 031 255 900.<\/p>\n<p>Technical description: <br \/> W &#038; F 30&#215;30 <br \/>Cotto Camel ; Cotto \u00c2mbar ; Cotto Tijolo ;<\/p>\n","protected":false},"excerpt":{"rendered":"<p>Velikost te plo\u0161\u010dice je 30&#215;30 cm. 9 mm debeline je dovolj tudi za zahtevnej\u0161e kupce. Revigres Cotto Camel je plo\u0161\u010dica proizvajalca Revigres in prihaja iz Portugalske. Letos so plo\u0161\u010dice v be\u017e barvi zelo za\u017eeljene. Kliknite na ime kolekcije za ogled vseh plo\u0161\u010dic iz te serije: Revigres Cotto \u010ce \u017eelite naro\u010diti model iz pdf kataloga te [&hellip;]<\/p>\n","protected":false},"featured_media":100503,"template":"","meta":[],"product_cat":[200,260,999,290,9991548],"product_tag":[],"_links":{"self":[{"href":"https:\/\/www.keramika.com\/slovenija\/wp-json\/wp\/v2\/product\/100502"}],"collection":[{"href":"https:\/\/www.keramika.com\/slovenija\/wp-json\/wp\/v2\/product"}],"about":[{"href":"https:\/\/www.keramika.com\/slovenija\/wp-json\/wp\/v2\/types\/product"}],"wp:featuredmedia":[{"embeddable":true,"href":"https:\/\/www.keramika.com\/slovenija\/wp-json\/wp\/v2\/media\/100503"}],"wp:attachment":[{"href":"https:\/\/www.keramika.com\/slovenija\/wp-json\/wp\/v2\/media?parent=100502"}],"wp:term":[{"taxonomy":"product_cat","embeddable":true,"href":"https:\/\/www.keramika.com\/slovenija\/wp-json\/wp\/v2\/product_cat?post=100502"},{"taxonomy":"product_tag","embeddable":true,"href":"https:\/\/www.keramika.com\/slovenija\/wp-json\/wp\/v2\/product_tag?post=100502"}],"curies":[{"name":"wp","href":"https:\/\/api.w.org\/{rel}","templated":true}]}}