{"id":100416,"date":"2017-03-22T22:37:30","date_gmt":"2017-03-22T22:37:30","guid":{"rendered":"http:\/\/keramika.holest.com\/slovenija\/product\/ploscice-pamesa-avila-coto\/"},"modified":"2026-01-01T00:01:34","modified_gmt":"2026-01-01T00:01:34","slug":"ploscice-pamesa-avila-coto","status":"publish","type":"product","link":"https:\/\/www.keramika.com\/slovenija\/ploscice-pamesa-avila-coto\/","title":{"rendered":"Plo\u0161\u010dice Pamesa Avila Coto"},"content":{"rendered":"<p>Letos so plo\u0161\u010dice v rjavi barvi zelo za\u017eeljene. Velikost te plo\u0161\u010dice je 31,6&#215;31,6 cm. Debelina plo\u0161\u010dice je zelo pomembna in 9 mm uvr\u0161\u010da to plo\u0161\u010dico med najkvalitetnej\u0161e. Redna cena te plo\u0161\u010dice v maloprodaji zna\u0161a 16,61 EUR, v na\u0161i spletni trgovini pa jo lahko dobite \u017ee za 13,29 EUR. Ta plo\u0161\u010dica prihaja iz \u0160panije, ki je znana po kvalitetni keramiki.<\/p>\n<p>Kliknite na ime kolekcije za ogled vseh plo\u0161\u010dic iz te serije: <a class=\"pdfcatal\" href=\"\/\/www.ceramictiles.com\/pdf\/pamesa\/catalogue_pamesa_floor_tile.pdf\" onclick=\"recordOutboundLink(this, 'E-mail', 'Description PDF');return false;\">Pamesa Ceramica Avila<\/a><\/p>\n<p>\u010ce \u017eelite naro\u010diti model iz pdf kataloga te kolekcije, nam pi\u0161ite na: <a href=\"mailto:keramoteka.salon@gmail.com\" onclick=\"recordOutboundLink(this, 'E-mail', 'Description mail');return false;\">keramoteka.salon@gmail.com<\/a> ali pa nas pokli\u010dite na: 031 255 900.<\/p>\n<p>Technical description: <br \/> F 31,6&#215;31,6 <br \/>\u00c1vila Coto ; \u00c1vila Adz Coto ;<\/p>\n","protected":false},"excerpt":{"rendered":"<p>Letos so plo\u0161\u010dice v rjavi barvi zelo za\u017eeljene. Velikost te plo\u0161\u010dice je 31,6&#215;31,6 cm. Debelina plo\u0161\u010dice je zelo pomembna in 9 mm uvr\u0161\u010da to plo\u0161\u010dico med najkvalitetnej\u0161e. Redna cena te plo\u0161\u010dice v maloprodaji zna\u0161a 16,61 EUR, v na\u0161i spletni trgovini pa jo lahko dobite \u017ee za 13,29 EUR. Ta plo\u0161\u010dica prihaja iz \u0160panije, ki je [&hellip;]<\/p>\n","protected":false},"featured_media":100417,"template":"","meta":[],"product_cat":[200,230,999107,999,240],"product_tag":[],"_links":{"self":[{"href":"https:\/\/www.keramika.com\/slovenija\/wp-json\/wp\/v2\/product\/100416"}],"collection":[{"href":"https:\/\/www.keramika.com\/slovenija\/wp-json\/wp\/v2\/product"}],"about":[{"href":"https:\/\/www.keramika.com\/slovenija\/wp-json\/wp\/v2\/types\/product"}],"wp:featuredmedia":[{"embeddable":true,"href":"https:\/\/www.keramika.com\/slovenija\/wp-json\/wp\/v2\/media\/100417"}],"wp:attachment":[{"href":"https:\/\/www.keramika.com\/slovenija\/wp-json\/wp\/v2\/media?parent=100416"}],"wp:term":[{"taxonomy":"product_cat","embeddable":true,"href":"https:\/\/www.keramika.com\/slovenija\/wp-json\/wp\/v2\/product_cat?post=100416"},{"taxonomy":"product_tag","embeddable":true,"href":"https:\/\/www.keramika.com\/slovenija\/wp-json\/wp\/v2\/product_tag?post=100416"}],"curies":[{"name":"wp","href":"https:\/\/api.w.org\/{rel}","templated":true}]}}