{"id":100414,"date":"2017-03-22T22:37:28","date_gmt":"2017-03-22T22:37:28","guid":{"rendered":"http:\/\/keramika.holest.com\/slovenija\/product\/talne-ploscice-pamesa-arcoiris-amarillo\/"},"modified":"2026-01-01T00:01:34","modified_gmt":"2026-01-01T00:01:34","slug":"talne-ploscice-pamesa-arcoiris-amarillo","status":"publish","type":"product","link":"https:\/\/www.keramika.com\/slovenija\/talne-ploscice-pamesa-arcoiris-amarillo\/","title":{"rendered":"Talne plo\u0161\u010dice Pamesa Arcoiris Amarillo"},"content":{"rendered":"<p>Z velikostjo 31,6&#215;31,6 cm je ta plo\u0161\u010dica primerna ze razli\u010dne povr\u0161ine. 9 mm je debelina, ki zadovolji tudi zahtevnej\u0161e kupce. Letos so plo\u0161\u010dice v rumeni barvi zelo za\u017eeljene. Pamesa Arcoiris Amarillo prihaja iz \u0160panije, ki je znana po zelo kvalitetni keramiki v svetovnem merilu. Namesto 24,34 EUR kot bi za to plo\u0161\u010dico od\u0161teli v klasi\u010dni trgovini, boste v na\u0161i spletni prodajalni od\u0161teli le 19,47 EUR.<\/p>\n<p>Kliknite na ime kolekcije za ogled vseh plo\u0161\u010dic iz te serije: <a class=\"pdfcatal\" href=\"\/\/www.ceramictiles.com\/pdf\/pamesa\/catalogue_pamesa_floor_tile.pdf\" onclick=\"recordOutboundLink(this, 'E-mail', 'Description PDF');return false;\">Pamesa Ceramica Arcoiris<\/a><\/p>\n<p>\u010ce \u017eelite naro\u010diti model iz pdf kataloga te kolekcije, nam pi\u0161ite na: <a href=\"mailto:keramoteka.salon@gmail.com\" onclick=\"recordOutboundLink(this, 'E-mail', 'Description mail');return false;\">keramoteka.salon@gmail.com<\/a> ali pa nas pokli\u010dite na: 031 255 900.<\/p>\n<p>Technical description: <br \/> F 31,6&#215;31,6 <br \/>Arcoiris Blanco ; Arcoiris Pistacho ; Arcoiris Turquesa ; Arcoiris Amarillo ; Arcoiris Naranja ; Arcoiris Carm\u00edn ; Malla Colores ;<\/p>\n","protected":false},"excerpt":{"rendered":"<p>Z velikostjo 31,6&#215;31,6 cm je ta plo\u0161\u010dica primerna ze razli\u010dne povr\u0161ine. 9 mm je debelina, ki zadovolji tudi zahtevnej\u0161e kupce. Letos so plo\u0161\u010dice v rumeni barvi zelo za\u017eeljene. Pamesa Arcoiris Amarillo prihaja iz \u0160panije, ki je znana po zelo kvalitetni keramiki v svetovnem merilu. Namesto 24,34 EUR kot bi za to plo\u0161\u010dico od\u0161teli v klasi\u010dni [&hellip;]<\/p>\n","protected":false},"featured_media":100415,"template":"","meta":[],"product_cat":[200,230,999107,999,240],"product_tag":[],"_links":{"self":[{"href":"https:\/\/www.keramika.com\/slovenija\/wp-json\/wp\/v2\/product\/100414"}],"collection":[{"href":"https:\/\/www.keramika.com\/slovenija\/wp-json\/wp\/v2\/product"}],"about":[{"href":"https:\/\/www.keramika.com\/slovenija\/wp-json\/wp\/v2\/types\/product"}],"wp:featuredmedia":[{"embeddable":true,"href":"https:\/\/www.keramika.com\/slovenija\/wp-json\/wp\/v2\/media\/100415"}],"wp:attachment":[{"href":"https:\/\/www.keramika.com\/slovenija\/wp-json\/wp\/v2\/media?parent=100414"}],"wp:term":[{"taxonomy":"product_cat","embeddable":true,"href":"https:\/\/www.keramika.com\/slovenija\/wp-json\/wp\/v2\/product_cat?post=100414"},{"taxonomy":"product_tag","embeddable":true,"href":"https:\/\/www.keramika.com\/slovenija\/wp-json\/wp\/v2\/product_tag?post=100414"}],"curies":[{"name":"wp","href":"https:\/\/api.w.org\/{rel}","templated":true}]}}