{"id":100388,"date":"2017-03-22T22:37:03","date_gmt":"2017-03-22T22:37:03","guid":{"rendered":"http:\/\/keramika.holest.com\/slovenija\/product\/projektne-ploscice-pamesa-anden-cruce-escalera-guia\/"},"modified":"2026-01-01T00:01:30","modified_gmt":"2026-01-01T00:01:30","slug":"projektne-ploscice-pamesa-anden-cruce-escalera-guia","status":"publish","type":"product","link":"https:\/\/www.keramika.com\/slovenija\/projektne-ploscice-pamesa-anden-cruce-escalera-guia\/","title":{"rendered":"Projektne plo\u0161\u0107ice Pamesa Anden &#8211; Cruce &#8211; Escalera &#8211; Guia"},"content":{"rendered":"<p>Velikost te plo\u0161\u010dice je 40&#215;40 cm. V redni prodaji bi morali za to plo\u0161\u010dico od\u0161teti 168,52 EUR, spletna cena pa zna\u0161a le 134,82 EUR. Pamesa Anden &#8211; Cruce &#8211; Escalera &#8211; Guia je pripeljana iz \u0160panije in je zelo kvalitetna. Ta plo\u0161\u010dica je debela 14 mm in je zelo trpe\u017ena. Zelo moderna plo\u0161\u010dica v oran\u017eni barvi popestri prav vsak prostor.<\/p>\n<p>Kliknite na ime kolekcije za ogled vseh plo\u0161\u010dic iz te serije: <a class=\"pdfcatal\" href=\"\/\/www.ceramictiles.com\/pdf\/pamesa\/catalogue_pamesa_compactto.pdf\" onclick=\"recordOutboundLink(this, 'E-mail', 'Description PDF');return false;\">Pamesa Ceramica Movilidad Urbana<\/a><\/p>\n<p>\u010ce \u017eelite naro\u010diti model iz pdf kataloga te kolekcije, nam pi\u0161ite na: <a href=\"mailto:keramoteka.salon@gmail.com\" onclick=\"recordOutboundLink(this, 'E-mail', 'Description mail');return false;\">keramoteka.salon@gmail.com<\/a> ali pa nas pokli\u010dite na: 031 255 900.<\/p>\n<p>Technical description: <br \/> F 40&#215;40 <br \/>And\u00e9n Amarillo ; Cruce Amarillo ; Escalera Amarillo ; Gu\u00eda Naranja ;<\/p>\n","protected":false},"excerpt":{"rendered":"<p>Velikost te plo\u0161\u010dice je 40&#215;40 cm. V redni prodaji bi morali za to plo\u0161\u010dico od\u0161teti 168,52 EUR, spletna cena pa zna\u0161a le 134,82 EUR. Pamesa Anden &#8211; Cruce &#8211; Escalera &#8211; Guia je pripeljana iz \u0160panije in je zelo kvalitetna. Ta plo\u0161\u010dica je debela 14 mm in je zelo trpe\u017ena. Zelo moderna plo\u0161\u010dica v oran\u017eni [&hellip;]<\/p>\n","protected":false},"featured_media":100389,"template":"","meta":[],"product_cat":[200,999107,999,240,270],"product_tag":[],"_links":{"self":[{"href":"https:\/\/www.keramika.com\/slovenija\/wp-json\/wp\/v2\/product\/100388"}],"collection":[{"href":"https:\/\/www.keramika.com\/slovenija\/wp-json\/wp\/v2\/product"}],"about":[{"href":"https:\/\/www.keramika.com\/slovenija\/wp-json\/wp\/v2\/types\/product"}],"wp:featuredmedia":[{"embeddable":true,"href":"https:\/\/www.keramika.com\/slovenija\/wp-json\/wp\/v2\/media\/100389"}],"wp:attachment":[{"href":"https:\/\/www.keramika.com\/slovenija\/wp-json\/wp\/v2\/media?parent=100388"}],"wp:term":[{"taxonomy":"product_cat","embeddable":true,"href":"https:\/\/www.keramika.com\/slovenija\/wp-json\/wp\/v2\/product_cat?post=100388"},{"taxonomy":"product_tag","embeddable":true,"href":"https:\/\/www.keramika.com\/slovenija\/wp-json\/wp\/v2\/product_tag?post=100388"}],"curies":[{"name":"wp","href":"https:\/\/api.w.org\/{rel}","templated":true}]}}