{"id":100378,"date":"2017-03-22T22:36:52","date_gmt":"2017-03-22T22:36:52","guid":{"rendered":"http:\/\/keramika.holest.com\/slovenija\/product\/3d-ploscice-pamesa-losa-caravista-beige\/"},"modified":"2026-01-01T00:01:29","modified_gmt":"2026-01-01T00:01:29","slug":"3d-ploscice-pamesa-losa-caravista-beige","status":"publish","type":"product","link":"https:\/\/www.keramika.com\/slovenija\/3d-ploscice-pamesa-losa-caravista-beige\/","title":{"rendered":"3D plo\u0161\u010dice Pamesa Losa Caravista Beige"},"content":{"rendered":"<p>Zaradi ni\u017ejih stro\u0161kov pri spletni prodaji boste na na\u0161i strani za to plo\u0161\u010dico od\u0161teli le 29,5 EUR. Velikost te plo\u0161\u010dice je 23,5&#215;40,5 cm. Pamesa Losa Caravista Beige je plo\u0161\u010dica proizvajalca Pamesa Ceramica in prihaja iz \u0160panije. Keramika v be\u017e barvi popestri vsak prostor. 9 mm je debelina, ki zadovolji tudi zahtevnej\u0161e kupce.<\/p>\n<p>Kliknite na ime kolekcije za ogled vseh plo\u0161\u010dic iz te serije: <a class=\"pdfcatal\" href=\"\/\/www.ceramictiles.com\/pdf\/pamesa\/catalogue_pamesa_compacglass.pdf\" onclick=\"recordOutboundLink(this, 'E-mail', 'Description PDF');return false;\">Pamesa Ceramica Losa Caravista<\/a><\/p>\n<p>\u010ce \u017eelite naro\u010diti model iz pdf kataloga te kolekcije, nam pi\u0161ite na: <a href=\"mailto:keramoteka.salon@gmail.com\" onclick=\"recordOutboundLink(this, 'E-mail', 'Description mail');return false;\">keramoteka.salon@gmail.com<\/a> ali pa nas pokli\u010dite na: 031 255 900.<\/p>\n<p>Technical description: <br \/> W 23,5&#215;40,5 <br \/>Losa Caravista Arena ; Losa Caravista Beige ; Losa Caravista Gris ; Losa Caravista Grafito ;<\/p>\n","protected":false},"excerpt":{"rendered":"<p>Zaradi ni\u017ejih stro\u0161kov pri spletni prodaji boste na na\u0161i strani za to plo\u0161\u010dico od\u0161teli le 29,5 EUR. Velikost te plo\u0161\u010dice je 23,5&#215;40,5 cm. Pamesa Losa Caravista Beige je plo\u0161\u010dica proizvajalca Pamesa Ceramica in prihaja iz \u0160panije. Keramika v be\u017e barvi popestri vsak prostor. 9 mm je debelina, ki zadovolji tudi zahtevnej\u0161e kupce. Kliknite na ime [&hellip;]<\/p>\n","protected":false},"featured_media":100379,"template":"","meta":[],"product_cat":[200,999107,999,290,240],"product_tag":[99921971],"_links":{"self":[{"href":"https:\/\/www.keramika.com\/slovenija\/wp-json\/wp\/v2\/product\/100378"}],"collection":[{"href":"https:\/\/www.keramika.com\/slovenija\/wp-json\/wp\/v2\/product"}],"about":[{"href":"https:\/\/www.keramika.com\/slovenija\/wp-json\/wp\/v2\/types\/product"}],"wp:featuredmedia":[{"embeddable":true,"href":"https:\/\/www.keramika.com\/slovenija\/wp-json\/wp\/v2\/media\/100379"}],"wp:attachment":[{"href":"https:\/\/www.keramika.com\/slovenija\/wp-json\/wp\/v2\/media?parent=100378"}],"wp:term":[{"taxonomy":"product_cat","embeddable":true,"href":"https:\/\/www.keramika.com\/slovenija\/wp-json\/wp\/v2\/product_cat?post=100378"},{"taxonomy":"product_tag","embeddable":true,"href":"https:\/\/www.keramika.com\/slovenija\/wp-json\/wp\/v2\/product_tag?post=100378"}],"curies":[{"name":"wp","href":"https:\/\/api.w.org\/{rel}","templated":true}]}}