{"id":100284,"date":"2017-03-22T22:35:27","date_gmt":"2017-03-22T22:35:27","guid":{"rendered":"http:\/\/keramika.holest.com\/slovenija\/product\/talne-in-stenske-ploscice-tau-fiber-rojo\/"},"modified":"2026-01-01T00:01:14","modified_gmt":"2026-01-01T00:01:14","slug":"talne-in-stenske-ploscice-tau-fiber-rojo","status":"publish","type":"product","link":"https:\/\/www.keramika.com\/slovenija\/talne-in-stenske-ploscice-tau-fiber-rojo\/","title":{"rendered":"Talne in stenske plo\u0161\u010dice Tau Fiber Rojo"},"content":{"rendered":"<p>Ta kerami\u010dna plo\u0161\u010dica v \u010dudoviti rde\u010di barvi bo obogatila vsak prostor. Ta plo\u0161\u010dica prihaja iz \u0160panije, ki je znana po kvalitetni keramiki. Ta plo\u0161\u010dica je debela 9 mm in je zelo trpe\u017ena. Plo\u0161\u010dica na sliki je velika 25&#215;36,5 cm. Na spletu boste za to plo\u0161\u010dico od\u0161teli le 39,83 EUR, medtem ko v redni prodaji cena zna\u0161a 49,78 EUR.<\/p>\n<p>Kliknite na ime kolekcije za ogled vseh plo\u0161\u010dic iz te serije: <a class=\"pdfcatal\" href=\"\/\/www.ceramictiles.com\/pdf\/tau\/catalogue_tau_fiber.pdf\" onclick=\"recordOutboundLink(this, 'E-mail', 'Description PDF');return false;\">Tau Ceramica Fiber<\/a><\/p>\n<p>\u010ce \u017eelite naro\u010diti model iz pdf kataloga te kolekcije, nam pi\u0161ite na: <a href=\"mailto:keramoteka.salon@gmail.com\" onclick=\"recordOutboundLink(this, 'E-mail', 'Description mail');return false;\">keramoteka.salon@gmail.com<\/a> ali pa nas pokli\u010dite na: +386 31 255 900.<\/p>\n<p>Technical description: <br \/> W &#038; F 20&#215;60 ; 25&#215;36,5 ; 31,6&#215;31,6 ; 31,6&#215;45 <br \/>Fiber Rojo ; Fiber Negro ; Fiber Wengue ; Fiber Blanco ; Fiber Azul ;<\/p>\n","protected":false},"excerpt":{"rendered":"<p>Ta kerami\u010dna plo\u0161\u010dica v \u010dudoviti rde\u010di barvi bo obogatila vsak prostor. Ta plo\u0161\u010dica prihaja iz \u0160panije, ki je znana po kvalitetni keramiki. Ta plo\u0161\u010dica je debela 9 mm in je zelo trpe\u017ena. Plo\u0161\u010dica na sliki je velika 25&#215;36,5 cm. Na spletu boste za to plo\u0161\u010dico od\u0161teli le 39,83 EUR, medtem ko v redni prodaji cena [&hellip;]<\/p>\n","protected":false},"featured_media":100285,"template":"","meta":[],"product_cat":[200,220,999,250,999125],"product_tag":[],"_links":{"self":[{"href":"https:\/\/www.keramika.com\/slovenija\/wp-json\/wp\/v2\/product\/100284"}],"collection":[{"href":"https:\/\/www.keramika.com\/slovenija\/wp-json\/wp\/v2\/product"}],"about":[{"href":"https:\/\/www.keramika.com\/slovenija\/wp-json\/wp\/v2\/types\/product"}],"wp:featuredmedia":[{"embeddable":true,"href":"https:\/\/www.keramika.com\/slovenija\/wp-json\/wp\/v2\/media\/100285"}],"wp:attachment":[{"href":"https:\/\/www.keramika.com\/slovenija\/wp-json\/wp\/v2\/media?parent=100284"}],"wp:term":[{"taxonomy":"product_cat","embeddable":true,"href":"https:\/\/www.keramika.com\/slovenija\/wp-json\/wp\/v2\/product_cat?post=100284"},{"taxonomy":"product_tag","embeddable":true,"href":"https:\/\/www.keramika.com\/slovenija\/wp-json\/wp\/v2\/product_tag?post=100284"}],"curies":[{"name":"wp","href":"https:\/\/api.w.org\/{rel}","templated":true}]}}