{"id":38288,"date":"2017-03-23T10:05:32","date_gmt":"2017-03-23T10:05:32","guid":{"rendered":"http:\/\/www.ceramictiles.com\/slovenija\/3d-izris-kopalnice-in-kuhinje\/"},"modified":"2019-04-14T08:06:16","modified_gmt":"2019-04-14T08:06:16","slug":"3d-izris-kopalnice-in-kuhinje","status":"publish","type":"page","link":"https:\/\/www.keramika.com\/slovenija\/3d-izris-kopalnice-in-kuhinje\/","title":{"rendered":"3D izris kopalnice in kuhinje"},"content":{"rendered":"<p>Brezpla\u010den 3D izris! Ponujamo Vam, da sami oblikujete va\u0161o kopalnico ali kuhinjo.<br \/>\nBrezpla\u010den program je na voljo vsem, ki nam po\u0161ljejo e-mail in zahtevo za geslo.<br \/>\nV programu je ogromna baza za : stenske plo\u0161\u010dice, talne plo\u0161\u010dice, porcelanske plo\u0161\u010dice,  plo\u0161\u010dice za terase, 3D plo\u0161\u010dice  \u2026<\/p>\n<p>Na\u0161i polagalci keramike so vam na uslugo za kompletno izvedbo projekta.<\/p>\n<p><strong>Kerami\u010dne plo\u0161\u010dice dobavimo na va\u0161 naslov direktno od proizvajalca keramike, brez vmesnih stro\u0161kov.<\/strong><\/p>\n","protected":false},"excerpt":{"rendered":"<p>Brezpla\u010den 3D izris! Ponujamo Vam, da sami oblikujete va\u0161o kopalnico ali kuhinjo. Brezpla\u010den program je na voljo vsem, ki nam po\u0161ljejo e-mail in zahtevo za geslo. V programu je ogromna baza za : stenske plo\u0161\u010dice, talne plo\u0161\u010dice, porcelanske plo\u0161\u010dice, plo\u0161\u010dice za terase, 3D plo\u0161\u010dice \u2026 Na\u0161i polagalci keramike so vam na uslugo za kompletno izvedbo [&hellip;]<\/p>\n","protected":false},"author":1,"featured_media":0,"parent":0,"menu_order":0,"comment_status":"closed","ping_status":"closed","template":"","meta":[],"_links":{"self":[{"href":"https:\/\/www.keramika.com\/slovenija\/wp-json\/wp\/v2\/pages\/38288"}],"collection":[{"href":"https:\/\/www.keramika.com\/slovenija\/wp-json\/wp\/v2\/pages"}],"about":[{"href":"https:\/\/www.keramika.com\/slovenija\/wp-json\/wp\/v2\/types\/page"}],"author":[{"embeddable":true,"href":"https:\/\/www.keramika.com\/slovenija\/wp-json\/wp\/v2\/users\/1"}],"replies":[{"embeddable":true,"href":"https:\/\/www.keramika.com\/slovenija\/wp-json\/wp\/v2\/comments?post=38288"}],"version-history":[{"count":1,"href":"https:\/\/www.keramika.com\/slovenija\/wp-json\/wp\/v2\/pages\/38288\/revisions"}],"predecessor-version":[{"id":112155,"href":"https:\/\/www.keramika.com\/slovenija\/wp-json\/wp\/v2\/pages\/38288\/revisions\/112155"}],"wp:attachment":[{"href":"https:\/\/www.keramika.com\/slovenija\/wp-json\/wp\/v2\/media?parent=38288"}],"curies":[{"name":"wp","href":"https:\/\/api.w.org\/{rel}","templated":true}]}}